{"id":27,"date":"2024-02-23T22:51:24","date_gmt":"2024-02-23T21:51:24","guid":{"rendered":"https:\/\/tallerlaencina.online\/?page_id=27"},"modified":"2024-03-08T21:19:15","modified_gmt":"2024-03-08T20:19:15","slug":"acerca-de-nosotros","status":"publish","type":"page","link":"https:\/\/tallerlaencina.online\/index.php\/acerca-de-nosotros\/","title":{"rendered":"acerca de nosotros"},"content":{"rendered":"\n<p class=\"has-text-align-center has-text-color has-link-color wp-elements-9d237457017549bf2196b834fa1a5a84\" style=\"color:#b7644d;font-size:clamp(21.027px, 1.314rem + ((1vw - 3.2px) * 1.351), 34px);\"><strong><em>taller&nbsp;<\/em>LA ENCINA<\/strong><\/p>\n\n\n\n<figure class=\"wp-block-image alignwide size-full\"><img decoding=\"async\" width=\"470\" height=\"313\" data-src=\"https:\/\/tallerlaencina.online\/wp-content\/uploads\/2024\/02\/1305910085_1.jpg\" alt=\"\" class=\"wp-image-34 lazyload\" data-srcset=\"https:\/\/tallerlaencina.online\/wp-content\/uploads\/2024\/02\/1305910085_1.jpg 470w, https:\/\/tallerlaencina.online\/wp-content\/uploads\/2024\/02\/1305910085_1-300x200.jpg 300w\" data-sizes=\"(max-width: 470px) 100vw, 470px\" src=\"data:image\/svg+xml;base64,PHN2ZyB3aWR0aD0iMSIgaGVpZ2h0PSIxIiB4bWxucz0iaHR0cDovL3d3dy53My5vcmcvMjAwMC9zdmciPjwvc3ZnPg==\" style=\"--smush-placeholder-width: 470px; --smush-placeholder-aspect-ratio: 470\/313;\" \/><\/figure>\n\n\n\n<p class=\"has-text-align-center\">Somos&nbsp;<strong>Susana Luque Fern\u00e1ndez<\/strong>&nbsp;y&nbsp;<strong>Antonio Zarza Mu\u00f1oz<\/strong>, y el universo quiso juntarnos para formar el&nbsp;<strong>Taller La Encina<\/strong>, un espacio de creaci\u00f3n donde poder expresar nuestra forma de sentir la vida .<\/p>\n\n\n\n<p class=\"has-text-align-center\">Nuestra formaci\u00f3n como profesionales parte del aprendizaje en diversos talleres de maestros artesanos, y del trabajo de investigaci\u00f3n, que nosotros mismos hemos podido desarrollar a lo largo del tiempo.<\/p>\n\n\n\n<p class=\"has-text-align-center\">M\u00e1s de&nbsp;<em>25 a\u00f1os&nbsp;<\/em>de experiencia trabajando, experimentando y creando todo tipo de soluciones para la gente, con todo el saber hacer que necesita un producto tan especial como es la piel.<\/p>\n\n\n\n<p class=\"has-text-align-center\">\u201c<em><strong>Con dedicaci\u00f3n, hemos trazado una l\u00ednea donde lo cotidiano y la labor artesanal es la esencia de nuestras vid<\/strong>as\u201d.<\/em><\/p>\n\n\n\n<h2 class=\"wp-block-heading\"><strong>El taller<\/strong><\/h2>\n\n\n\n<figure class=\"wp-block-image size-full\"><img decoding=\"async\" width=\"2560\" height=\"1920\" data-src=\"https:\/\/tallerlaencina.online\/wp-content\/uploads\/2024\/02\/100_0254-scaled.jpg\" alt=\"\" class=\"wp-image-71 lazyload\" data-srcset=\"https:\/\/tallerlaencina.online\/wp-content\/uploads\/2024\/02\/100_0254-scaled.jpg 2560w, https:\/\/tallerlaencina.online\/wp-content\/uploads\/2024\/02\/100_0254-scaled-600x450.jpg 600w, https:\/\/tallerlaencina.online\/wp-content\/uploads\/2024\/02\/100_0254-300x225.jpg 300w, https:\/\/tallerlaencina.online\/wp-content\/uploads\/2024\/02\/100_0254-1024x768.jpg 1024w, https:\/\/tallerlaencina.online\/wp-content\/uploads\/2024\/02\/100_0254-768x576.jpg 768w, https:\/\/tallerlaencina.online\/wp-content\/uploads\/2024\/02\/100_0254-1536x1152.jpg 1536w, https:\/\/tallerlaencina.online\/wp-content\/uploads\/2024\/02\/100_0254-2048x1536.jpg 2048w, https:\/\/tallerlaencina.online\/wp-content\/uploads\/2024\/02\/100_0254-1320x990.jpg 1320w\" data-sizes=\"(max-width: 2560px) 100vw, 2560px\" src=\"data:image\/svg+xml;base64,PHN2ZyB3aWR0aD0iMSIgaGVpZ2h0PSIxIiB4bWxucz0iaHR0cDovL3d3dy53My5vcmcvMjAwMC9zdmciPjwvc3ZnPg==\" style=\"--smush-placeholder-width: 2560px; --smush-placeholder-aspect-ratio: 2560\/1920;\" \/><\/figure>\n\n\n\n<p class=\"has-text-align-center\">Nuestro taller se sit\u00faa en la&nbsp;<strong>Sierra de Aracena<\/strong>&nbsp;y&nbsp;<strong>Picos de Aroche<\/strong>, en la provincia de&nbsp;<strong>Huelva<\/strong>. Un entorno lleno de vegetaci\u00f3n, agua y luz, que dio vida a&nbsp;nuestro sue\u00f1o&nbsp;de ser artesanos de la piel.<\/p>\n\n\n\n<p class=\"has-text-align-center\">Aqu\u00ed hemos podido llevar a la pr\u00e1ctica todo lo aprendido, y poder desarrollar nuestro propio&nbsp;<strong>sello personal<\/strong>, con la mayor de la dedicaci\u00f3n y esfuerzo.<\/p>\n\n\n\n<blockquote class=\"wp-block-quote is-layout-flow wp-block-quote-is-layout-flow\">\n<p><strong>\u00bbSomos artesanos serranos. Nuestra vocaci\u00f3n es nuestra profesi\u00f3n y llevamos nuestra ilusi\u00f3n a todos aquellos que desean vestir su vida con creaciones llenas de amor\u00bb<\/strong>                <\/p>\n\n\n\n<p>tallerlaencina.online<\/p>\n<\/blockquote>\n\n\n\n<h2 class=\"wp-block-heading\"><strong>Del taller a las ferias de artesan\u00eda<\/strong><\/h2>\n\n\n\n<figure class=\"wp-block-image size-full\"><img decoding=\"async\" width=\"704\" height=\"531\" data-src=\"https:\/\/tallerlaencina.online\/wp-content\/uploads\/2024\/03\/stand-edited-1.png\" alt=\"\" class=\"wp-image-777 lazyload\" data-srcset=\"https:\/\/tallerlaencina.online\/wp-content\/uploads\/2024\/03\/stand-edited-1.png 704w, https:\/\/tallerlaencina.online\/wp-content\/uploads\/2024\/03\/stand-edited-1-600x453.png 600w, https:\/\/tallerlaencina.online\/wp-content\/uploads\/2024\/03\/stand-edited-1-300x226.png 300w\" data-sizes=\"(max-width: 704px) 100vw, 704px\" src=\"data:image\/svg+xml;base64,PHN2ZyB3aWR0aD0iMSIgaGVpZ2h0PSIxIiB4bWxucz0iaHR0cDovL3d3dy53My5vcmcvMjAwMC9zdmciPjwvc3ZnPg==\" style=\"--smush-placeholder-width: 704px; --smush-placeholder-aspect-ratio: 704\/531;\" \/><\/figure>\n\n\n\n<p class=\"has-text-align-center\"><em>Las&nbsp;<strong>ferias de artesan\u00eda<\/strong><\/em>, han supuesto un punto de encuentro para el enriquecimiento en lo personal y creativo. Somos&nbsp;un taller abierto al mundo, y a las distintas formas de sentir la artesan\u00eda. Nos encanta poder emocionar con nuestros dise\u00f1os originales, que<\/p>\n\n\n\n<p class=\"has-text-align-center\">son fruto de ese<strong>&nbsp;intercambio cultural y social&nbsp;<\/strong>tan importante.<\/p>\n\n\n\n<p class=\"has-text-align-center\">A lo largo de todos estos a\u00f1os, hemos comercializado nuestros art\u00edculos en ferias de artesan\u00eda de diferentes comunidades, participando en un gran n\u00famero de ellas, entre las que cabe destacar las de: Albacete, Cuenca, Zamora, Valladolid, Salamanca, Murcia, Pontevedra, La Coru\u00f1a, Barcelona y en nuestra Comunidad Aut\u00f3noma podemos destacar Gibrale\u00f3n, Huelva, Granada, C\u00f3rdoba, Ja\u00e9n y Sevilla.<\/p>\n\n\n\n<p class=\"has-text-align-center\">En el taller se recogen todas esas experiencias, que nos inspiran nuevas ideas, sobre las que trabajamos para crear nuevas&nbsp;<strong>colecciones originales&nbsp;de artesan\u00eda en piel<\/strong>.<\/p>\n\n\n\n<h2 class=\"wp-block-heading\"><strong>Colores emocionantes<\/strong><\/h2>\n\n\n\n<figure class=\"wp-block-image size-full is-resized\"><img decoding=\"async\" width=\"356\" height=\"271\" data-src=\"https:\/\/tallerlaencina.online\/wp-content\/uploads\/2024\/03\/deco-2-edited.png\" alt=\"\" class=\"wp-image-778 lazyload\" style=\"--smush-placeholder-width: 356px; --smush-placeholder-aspect-ratio: 356\/271;width:619px;height:auto\" data-srcset=\"https:\/\/tallerlaencina.online\/wp-content\/uploads\/2024\/03\/deco-2-edited.png 356w, https:\/\/tallerlaencina.online\/wp-content\/uploads\/2024\/03\/deco-2-edited-300x228.png 300w\" data-sizes=\"(max-width: 356px) 100vw, 356px\" src=\"data:image\/svg+xml;base64,PHN2ZyB3aWR0aD0iMSIgaGVpZ2h0PSIxIiB4bWxucz0iaHR0cDovL3d3dy53My5vcmcvMjAwMC9zdmciPjwvc3ZnPg==\" \/><\/figure>\n\n\n\n<p class=\"has-text-align-center\">En nuestro taller, disponemos de una gran variedad de ellos, que se adaptaran a los tus gustos personales. Las texturas le aportan el calor necesario a cada pieza, y la visten de la delicadeza, tacto y sensibilidad m\u00e1s adecuados.<\/p>\n\n\n\n<blockquote class=\"wp-block-quote is-layout-flow wp-block-quote-is-layout-flow\">\n<p><strong>\u201cSiente el color de la piel, y dale un toque de alegr\u00eda a la vida\u201d<\/strong><\/p>\n<\/blockquote>\n\n\n\n<h2 class=\"wp-block-heading\"><strong>Proceso de elaboraci\u00f3n<\/strong><\/h2>\n\n\n\n<figure class=\"wp-block-image size-large\"><img decoding=\"async\" width=\"1024\" height=\"768\" data-src=\"https:\/\/tallerlaencina.online\/wp-content\/uploads\/2024\/02\/DSC00696-1024x768.jpg\" alt=\"\" class=\"wp-image-74 lazyload\" data-srcset=\"https:\/\/tallerlaencina.online\/wp-content\/uploads\/2024\/02\/DSC00696-1024x768.jpg 1024w, https:\/\/tallerlaencina.online\/wp-content\/uploads\/2024\/02\/DSC00696-scaled-600x450.jpg 600w, https:\/\/tallerlaencina.online\/wp-content\/uploads\/2024\/02\/DSC00696-300x225.jpg 300w, https:\/\/tallerlaencina.online\/wp-content\/uploads\/2024\/02\/DSC00696-768x576.jpg 768w, https:\/\/tallerlaencina.online\/wp-content\/uploads\/2024\/02\/DSC00696-1536x1152.jpg 1536w, https:\/\/tallerlaencina.online\/wp-content\/uploads\/2024\/02\/DSC00696-2048x1536.jpg 2048w, https:\/\/tallerlaencina.online\/wp-content\/uploads\/2024\/02\/DSC00696-1320x990.jpg 1320w\" data-sizes=\"(max-width: 1024px) 100vw, 1024px\" src=\"data:image\/svg+xml;base64,PHN2ZyB3aWR0aD0iMSIgaGVpZ2h0PSIxIiB4bWxucz0iaHR0cDovL3d3dy53My5vcmcvMjAwMC9zdmciPjwvc3ZnPg==\" style=\"--smush-placeholder-width: 1024px; --smush-placeholder-aspect-ratio: 1024\/768;\" \/><\/figure>\n\n\n\n<p class=\"has-text-align-center\">El proceso de elaboraci\u00f3n, es largo y meticuloso, ya que transformamos la materia prima de forma manual, ayud\u00e1ndonos con diferentes herramientas: leznas, punzones, chavetas, martillos, sacabocados, tijeras, formones, alicates, cortatiras, reglas, escuadras\u2026. Todo sirve para dar forma a nuestras creaciones.<\/p>\n\n\n\n<p class=\"has-text-align-center\">A continuaci\u00f3n enumeramos las diferentes fases de elaboraci\u00f3n: dise\u00f1o y creaci\u00f3n de patrones, marcar, cortar, ribetear, rebajar, pegar, agujerear, remachar, montar, coser\u2026\u2026<\/p>\n\n\n\n<p class=\"has-text-align-center\">Y surge la magia artesana. Cada pieza es \u00fanica e irrepetible. Toda la emoci\u00f3n se condensa en cada forma y detalle, para que puedas lucir algo especial, y distintivo que te hacen destacar en tu d\u00eda a d\u00eda.<\/p>\n\n\n\n<p class=\"has-text-align-center\"><\/p>\n\n\n\n<div class=\"wp-block-buttons is-layout-flex wp-block-buttons-is-layout-flex\"><\/div>\n\n\n\n<div class=\"wp-block-jetpack-send-a-message\">\n<div class=\"wp-block-jetpack-whatsapp-button aligncenter is-color-dark\"><a class=\"whatsapp-block__button\" href=\"https:\/\/api.whatsapp.com\/send?phone=34607315972&amp;text=Hola%2C%20tengo%20tu%20informaci%C3%B3n%20de%20WhatsApp%20de%20tu%20web.\" style=\"background-color:#25D366;color:#fff\" target=\"_self\" rel=\"noopener noreferrer\">\u00bfHablamos?<\/a><\/div>\n<\/div>\n","protected":false},"excerpt":{"rendered":"<p>taller&nbsp;LA ENCINA Somos&nbsp;Susana Luque Fern\u00e1ndez&nbsp;y&nbsp;Antonio Zarza Mu\u00f1oz, y el universo quiso juntarnos para formar el&nbsp;Taller La Encina, un espacio de creaci\u00f3n donde poder expresar nuestra forma de sentir la vida . Nuestra formaci\u00f3n como profesionales parte del aprendizaje en diversos talleres de maestros artesanos, y del trabajo de investigaci\u00f3n, que nosotros mismos hemos podido desarrollar [&hellip;]<\/p>\n","protected":false},"author":1,"featured_media":0,"parent":0,"menu_order":0,"comment_status":"closed","ping_status":"closed","template":"","meta":{"_monsterinsights_skip_tracking":false,"_monsterinsights_sitenote_active":false,"_monsterinsights_sitenote_note":"","_monsterinsights_sitenote_category":0,"footnotes":""},"class_list":["post-27","page","type-page","status-publish","hentry"],"aioseo_notices":[],"jetpack_sharing_enabled":true,"_links":{"self":[{"href":"https:\/\/tallerlaencina.online\/index.php\/wp-json\/wp\/v2\/pages\/27","targetHints":{"allow":["GET"]}}],"collection":[{"href":"https:\/\/tallerlaencina.online\/index.php\/wp-json\/wp\/v2\/pages"}],"about":[{"href":"https:\/\/tallerlaencina.online\/index.php\/wp-json\/wp\/v2\/types\/page"}],"author":[{"embeddable":true,"href":"https:\/\/tallerlaencina.online\/index.php\/wp-json\/wp\/v2\/users\/1"}],"replies":[{"embeddable":true,"href":"https:\/\/tallerlaencina.online\/index.php\/wp-json\/wp\/v2\/comments?post=27"}],"version-history":[{"count":5,"href":"https:\/\/tallerlaencina.online\/index.php\/wp-json\/wp\/v2\/pages\/27\/revisions"}],"predecessor-version":[{"id":779,"href":"https:\/\/tallerlaencina.online\/index.php\/wp-json\/wp\/v2\/pages\/27\/revisions\/779"}],"wp:attachment":[{"href":"https:\/\/tallerlaencina.online\/index.php\/wp-json\/wp\/v2\/media?parent=27"}],"curies":[{"name":"wp","href":"https:\/\/api.w.org\/{rel}","templated":true}]}}

<p class="has-text-align-center has-text-color has-link-color wp-elements-9d237457017549bf2196b834fa1a5a84" style="color:#b7644d;font-size:clamp(21.027px, 1.314rem + ((1vw - 3.2px) * 1.351), 34px);"><strong><em>taller&nbsp;</em>LA ENCINA</strong></p>



<figure class="wp-block-image alignwide size-full"><img decoding="async" width="470" height="313" data-src="https://tallerlaencina.online/wp-content/uploads/2024/02/1305910085_1.jpg" alt="" class="wp-image-34 lazyload" data-srcset="https://tallerlaencina.online/wp-content/uploads/2024/02/1305910085_1.jpg 470w, https://tallerlaencina.online/wp-content/uploads/2024/02/1305910085_1-300x200.jpg 300w" data-sizes="(max-width: 470px) 100vw, 470px" src="data:image/svg+xml;base64,PHN2ZyB3aWR0aD0iMSIgaGVpZ2h0PSIxIiB4bWxucz0iaHR0cDovL3d3dy53My5vcmcvMjAwMC9zdmciPjwvc3ZnPg==" style="--smush-placeholder-width: 470px; --smush-placeholder-aspect-ratio: 470/313;" /></figure>



<p class="has-text-align-center">Somos&nbsp;<strong>Susana Luque Fernández</strong>&nbsp;y&nbsp;<strong>Antonio Zarza Muñoz</strong>, y el universo quiso juntarnos para formar el&nbsp;<strong>Taller La Encina</strong>, un espacio de creación donde poder expresar nuestra forma de sentir la vida .</p>



<p class="has-text-align-center">Nuestra formación como profesionales parte del aprendizaje en diversos talleres de maestros artesanos, y del trabajo de investigación, que nosotros mismos hemos podido desarrollar a lo largo del tiempo.</p>



<p class="has-text-align-center">Más de&nbsp;<em>25 años&nbsp;</em>de experiencia trabajando, experimentando y creando todo tipo de soluciones para la gente, con todo el saber hacer que necesita un producto tan especial como es la piel.</p>



<p class="has-text-align-center">“<em><strong>Con dedicación, hemos trazado una línea donde lo cotidiano y la labor artesanal es la esencia de nuestras vid</strong>as”.</em></p>



<h2 class="wp-block-heading"><strong>El taller</strong></h2>



<figure class="wp-block-image size-full"><img decoding="async" width="2560" height="1920" data-src="https://tallerlaencina.online/wp-content/uploads/2024/02/100_0254-scaled.jpg" alt="" class="wp-image-71 lazyload" data-srcset="https://tallerlaencina.online/wp-content/uploads/2024/02/100_0254-scaled.jpg 2560w, https://tallerlaencina.online/wp-content/uploads/2024/02/100_0254-scaled-600x450.jpg 600w, https://tallerlaencina.online/wp-content/uploads/2024/02/100_0254-300x225.jpg 300w, https://tallerlaencina.online/wp-content/uploads/2024/02/100_0254-1024x768.jpg 1024w, https://tallerlaencina.online/wp-content/uploads/2024/02/100_0254-768x576.jpg 768w, https://tallerlaencina.online/wp-content/uploads/2024/02/100_0254-1536x1152.jpg 1536w, https://tallerlaencina.online/wp-content/uploads/2024/02/100_0254-2048x1536.jpg 2048w, https://tallerlaencina.online/wp-content/uploads/2024/02/100_0254-1320x990.jpg 1320w" data-sizes="(max-width: 2560px) 100vw, 2560px" src="data:image/svg+xml;base64,PHN2ZyB3aWR0aD0iMSIgaGVpZ2h0PSIxIiB4bWxucz0iaHR0cDovL3d3dy53My5vcmcvMjAwMC9zdmciPjwvc3ZnPg==" style="--smush-placeholder-width: 2560px; --smush-placeholder-aspect-ratio: 2560/1920;" /></figure>



<p class="has-text-align-center">Nuestro taller se sitúa en la&nbsp;<strong>Sierra de Aracena</strong>&nbsp;y&nbsp;<strong>Picos de Aroche</strong>, en la provincia de&nbsp;<strong>Huelva</strong>. Un entorno lleno de vegetación, agua y luz, que dio vida a&nbsp;nuestro sueño&nbsp;de ser artesanos de la piel.</p>



<p class="has-text-align-center">Aquí hemos podido llevar a la práctica todo lo aprendido, y poder desarrollar nuestro propio&nbsp;<strong>sello personal</strong>, con la mayor de la dedicación y esfuerzo.</p>



<blockquote class="wp-block-quote is-layout-flow wp-block-quote-is-layout-flow">
<p><strong>»Somos artesanos serranos. Nuestra vocación es nuestra profesión y llevamos nuestra ilusión a todos aquellos que desean vestir su vida con creaciones llenas de amor»</strong>                </p>



<p>tallerlaencina.online</p>
</blockquote>



<h2 class="wp-block-heading"><strong>Del taller a las ferias de artesanía</strong></h2>



<figure class="wp-block-image size-full"><img decoding="async" width="704" height="531" data-src="https://tallerlaencina.online/wp-content/uploads/2024/03/stand-edited-1.png" alt="" class="wp-image-777 lazyload" data-srcset="https://tallerlaencina.online/wp-content/uploads/2024/03/stand-edited-1.png 704w, https://tallerlaencina.online/wp-content/uploads/2024/03/stand-edited-1-600x453.png 600w, https://tallerlaencina.online/wp-content/uploads/2024/03/stand-edited-1-300x226.png 300w" data-sizes="(max-width: 704px) 100vw, 704px" src="data:image/svg+xml;base64,PHN2ZyB3aWR0aD0iMSIgaGVpZ2h0PSIxIiB4bWxucz0iaHR0cDovL3d3dy53My5vcmcvMjAwMC9zdmciPjwvc3ZnPg==" style="--smush-placeholder-width: 704px; --smush-placeholder-aspect-ratio: 704/531;" /></figure>



<p class="has-text-align-center"><em>Las&nbsp;<strong>ferias de artesanía</strong></em>, han supuesto un punto de encuentro para el enriquecimiento en lo personal y creativo. Somos&nbsp;un taller abierto al mundo, y a las distintas formas de sentir la artesanía. Nos encanta poder emocionar con nuestros diseños originales, que</p>



<p class="has-text-align-center">son fruto de ese<strong>&nbsp;intercambio cultural y social&nbsp;</strong>tan importante.</p>



<p class="has-text-align-center">A lo largo de todos estos años, hemos comercializado nuestros artículos en ferias de artesanía de diferentes comunidades, participando en un gran número de ellas, entre las que cabe destacar las de: Albacete, Cuenca, Zamora, Valladolid, Salamanca, Murcia, Pontevedra, La Coruña, Barcelona y en nuestra Comunidad Autónoma podemos destacar Gibraleón, Huelva, Granada, Córdoba, Jaén y Sevilla.</p>



<p class="has-text-align-center">En el taller se recogen todas esas experiencias, que nos inspiran nuevas ideas, sobre las que trabajamos para crear nuevas&nbsp;<strong>colecciones originales&nbsp;de artesanía en piel</strong>.</p>



<h2 class="wp-block-heading"><strong>Colores emocionantes</strong></h2>



<figure class="wp-block-image size-full is-resized"><img decoding="async" width="356" height="271" data-src="https://tallerlaencina.online/wp-content/uploads/2024/03/deco-2-edited.png" alt="" class="wp-image-778 lazyload" style="--smush-placeholder-width: 356px; --smush-placeholder-aspect-ratio: 356/271;width:619px;height:auto" data-srcset="https://tallerlaencina.online/wp-content/uploads/2024/03/deco-2-edited.png 356w, https://tallerlaencina.online/wp-content/uploads/2024/03/deco-2-edited-300x228.png 300w" data-sizes="(max-width: 356px) 100vw, 356px" src="data:image/svg+xml;base64,PHN2ZyB3aWR0aD0iMSIgaGVpZ2h0PSIxIiB4bWxucz0iaHR0cDovL3d3dy53My5vcmcvMjAwMC9zdmciPjwvc3ZnPg==" /></figure>



<p class="has-text-align-center">En nuestro taller, disponemos de una gran variedad de ellos, que se adaptaran a los tus gustos personales. Las texturas le aportan el calor necesario a cada pieza, y la visten de la delicadeza, tacto y sensibilidad más adecuados.</p>



<blockquote class="wp-block-quote is-layout-flow wp-block-quote-is-layout-flow">
<p><strong>“Siente el color de la piel, y dale un toque de alegría a la vida”</strong></p>
</blockquote>



<h2 class="wp-block-heading"><strong>Proceso de elaboración</strong></h2>



<figure class="wp-block-image size-large"><img decoding="async" width="1024" height="768" data-src="https://tallerlaencina.online/wp-content/uploads/2024/02/DSC00696-1024x768.jpg" alt="" class="wp-image-74 lazyload" data-srcset="https://tallerlaencina.online/wp-content/uploads/2024/02/DSC00696-1024x768.jpg 1024w, https://tallerlaencina.online/wp-content/uploads/2024/02/DSC00696-scaled-600x450.jpg 600w, https://tallerlaencina.online/wp-content/uploads/2024/02/DSC00696-300x225.jpg 300w, https://tallerlaencina.online/wp-content/uploads/2024/02/DSC00696-768x576.jpg 768w, https://tallerlaencina.online/wp-content/uploads/2024/02/DSC00696-1536x1152.jpg 1536w, https://tallerlaencina.online/wp-content/uploads/2024/02/DSC00696-2048x1536.jpg 2048w, https://tallerlaencina.online/wp-content/uploads/2024/02/DSC00696-1320x990.jpg 1320w" data-sizes="(max-width: 1024px) 100vw, 1024px" src="data:image/svg+xml;base64,PHN2ZyB3aWR0aD0iMSIgaGVpZ2h0PSIxIiB4bWxucz0iaHR0cDovL3d3dy53My5vcmcvMjAwMC9zdmciPjwvc3ZnPg==" style="--smush-placeholder-width: 1024px; --smush-placeholder-aspect-ratio: 1024/768;" /></figure>



<p class="has-text-align-center">El proceso de elaboración, es largo y meticuloso, ya que transformamos la materia prima de forma manual, ayudándonos con diferentes herramientas: leznas, punzones, chavetas, martillos, sacabocados, tijeras, formones, alicates, cortatiras, reglas, escuadras…. Todo sirve para dar forma a nuestras creaciones.</p>



<p class="has-text-align-center">A continuación enumeramos las diferentes fases de elaboración: diseño y creación de patrones, marcar, cortar, ribetear, rebajar, pegar, agujerear, remachar, montar, coser……</p>



<p class="has-text-align-center">Y surge la magia artesana. Cada pieza es única e irrepetible. Toda la emoción se condensa en cada forma y detalle, para que puedas lucir algo especial, y distintivo que te hacen destacar en tu día a día.</p>



<p class="has-text-align-center"></p>



<div class="wp-block-buttons is-layout-flex wp-block-buttons-is-layout-flex"></div>



<div class="wp-block-jetpack-send-a-message">
<div class="wp-block-jetpack-whatsapp-button aligncenter is-color-dark"><a class="whatsapp-block__button" href="https://api.whatsapp.com/send?phone=34607315972&amp;text=Hola%2C%20tengo%20tu%20informaci%C3%B3n%20de%20WhatsApp%20de%20tu%20web." style="background-color:#25D366;color:#fff" target="_self" rel="noopener noreferrer">¿Hablamos?</a></div>
</div>

<p>taller&nbsp;LA ENCINA Somos&nbsp;Susana Luque Fernández&nbsp;y&nbsp;Antonio Zarza Muñoz, y el universo quiso juntarnos para formar el&nbsp;Taller La Encina, un espacio de creación donde poder expresar nuestra forma de sentir la vida . Nuestra formación como profesionales parte del aprendizaje en diversos talleres de maestros artesanos, y del trabajo de investigación, que nosotros mismos hemos podido desarrollar [&hellip;]</p>
